*3 + 15*u**2 - 7*u - 8. What is the units digit of t(o)?
0
Let f(t) = t**3 + 10*t**2 - 10*t + 35. What is the units digit of f(-11)?
4
Suppose -f = -5*u + 4876, 5*u - 6*u = -4*f - 979. What is the units digit of u?
5
Suppose w - 21 - 11 = 0. Let q = 141 - w. What is the tens digit of q?
0
Let z = -185 + 716. What is the tens digit of z?
3
Suppose -8*z + 13*z = 350. Suppose -p + z = -3*t, -2*t - 16 - 295 = -5*p. What is the units digit of p?
1
Suppose -3502 = 552*y - 554*y. What is the units digit of y?
1
Suppose x - 2*k - 14 = 8, -3*k - 113 = -4*x. Suppose 0*b = 4*b - x. What is the units digit of b?
8
Let c(z) = 11*z**2 - 15*z + 39. What is the units digit of c(4)?
5
Let z(j) = -j**2 - 15*j - 11. Let b be z(-12). Suppose -b = 10*c - 11*c. What is the tens digit of c?
2
Suppose -48*v + 28*v = -57940. What is the tens digit of v?
9
Let x(u) be the first derivative of u**3/3 + 3*u**2 - u + 13. What is the units digit of x(8)?
1
Suppose 34 = -8*m - 6. Suppose 4*t - 5 = k, -4*k + 4*t + 0*t + 4 = 0. What is the units digit of 9 + m + k*9?
1
Let v be 256/(-12) + 2/6. Let f = v - -7. Let m = 15 - f. What is the tens digit of m?
2
Suppose 0 = 5*v + 4*i + i - 395, 4*i = 20. What is the tens digit of v?
7
Let g = 196 + -165. What is the units digit of g?
1
Let r be (-50)/15*9/(-6). Suppose 5*b = -4*q + 49, 7 - 3 = b - r*q. What is the units digit of b?
9
Suppose j - 260 = 165. What is the tens digit of j?
2
Let f = -410 + 2471. What is the tens digit of f?
6
Let k = -5 - -4. Let u be 5/(-10) - k/2. Suppose -b + 2*c + 25 = u, 2*b + 2*c - 47 = 3*c. What is the tens digit of b?
2
Suppose -4*k = -h - 7, -5*h + 54 = 3*k + 20. Let a(g) = g. Let j(o) = o**2 - 5*o - 1. Let n(z) = k*j(z) + 12*a(z). What is the tens digit of n(-3)?
3
Let g(a) = a**2 + 8*a - 9. Let j be g(-9). Suppose 5*b + w - 50 = j, -b = -5*w + 15 + 1. Suppose t = -2*f + 50, -f - 4*t + 23 = -b. What is the tens digit of f?
2
Let v(p) = 4 - 5*p + 4*p + 0*p - 3. Let z be v(0). What is the tens digit of 7/z*(2 - -1)?
2
What is the tens digit of (-1169)/(-5) + 616/(-70) + 9?
3
Let q(w) = 4*w**2 + 16*w - 23. Let x be q(10). Suppose -3*d = 4*g - 4*d - x, -g = 4*d - 130. What is the tens digit of g?
3
Let m(o) = o**2 - 23*o + 21. Let w be m(21). Let x(z) = -z**3 - 21*z**2 - 9*z - 19. What is the tens digit of x(w)?
7
Suppose -5*j + 26 + 34 = 2*p, 2*j - 48 = 4*p. Suppose -j*s + 560 = -9*s. What is the hundreds digit of s?
1
Let g = 33 - 31. Suppose 0 = 4*l - 3*l - g. What is the units digit of l?
2
Let y(i) = i**3 - 14*i**2 - 15*i + 2. Let r be y(15). Suppose -r*j + 6 = -2*t, 3*j - 4*j - 2*t + 3 = 0. Suppose -2*s - j = -51. What is the tens digit of s?
2
Suppose 16*r - r - 12045 = 0. What is the hundreds digit of r?
8
Suppose 2*a = 3*a - 2. Let u(p) = -9*p + 3 + a - 3 - 3. What is the tens digit of u(-3)?
2
Suppose -7*w + 9*w - 6 = 0. Suppose -l + 0*l = 5*q - 55, -3*l = w*q - 117. What is the tens digit of l?
3
Let y = 3259 + -1485. What is the tens digit of y?
7
Let c(n) = -n**3 - 7*n**2 - 10*n + 30. Let l = -132 + 123. What is the tens digit of c(l)?
8
Let l be 25/(10/(-2)) + 9. Suppose -l*g = -3*g - 182. What is the hundreds digit of g?
1
Let j = 11 - -4. What is the units digit of j + -7 - ((2 - 1) + -1)?
8
Let d(r) = -4*r + 45. Let m be d(16). Let p(s) = s**2 + 11*s + 48. What is the hundreds digit of p(m)?
2
What is the units digit of (49 + -1 - -2)/(26 - 24)?
5
What is the tens digit of (-72)/3*(-968)/96*3?
2
Let q be 1/2*26/1. Suppose 2*a - 3*r - 2*r = 52, -3*r - 6 = 0. Let d = a - q. What is the units digit of d?
8
What is the units digit of 183 - -3 - -9 - 0?
5
Let b be (-6)/3*7/(-2). Suppose -b*m = -6*m - 124. Suppose 8*w - 4*w = m. What is the units digit of w?
1
Suppose s + 3*s - 4*k = -1540, -3*k = s + 401. Let j = s + 586. What is the tens digit of j?
9
Suppose -5*m - 140 = 3*l, 2*l = m - 0*l + 15. Let i be 865/m - 6/15. Let h = i + 59. What is the tens digit of h?
2
Suppose -3*r = -7*r + 20. Suppose r*y - 99 = 111. What is the tens digit of y?
4
Suppose -24 - 3 = -3*n. Let u be -3*3/n + 4. Suppose -y + u*y = 14. What is the units digit of y?
7
Let y be (3 + 28/(-12))*3. Suppose y*o = 7*o + 4*d - 28, -3*d = 2*o - 14. Suppose o*i - 35 - 1 = 0. What is the units digit of i?
9
Let l(t) = 12*t**2 + 69*t + 5. What is the units digit of l(6)?
1
Suppose 1011 = 3*n - 120. What is the units digit of n?
7
Suppose 0*w = -w + 5*o + 138, o = -3*w + 446. Let r = -59 + w. What is the units digit of r?
9
Let y(v) = 2*v - 12. Let x be y(8). Suppose -t - x*z + 60 = -0*z, 5*z = -20. Suppose -t = -13*h + 9*h. What is the units digit of h?
9
Let x(m) = 102*m - 319. What is the hundreds digit of x(25)?
2
What is the tens digit of 4566/15 + 10/(-25)?
0
What is the tens digit of (5/(75/(-10)))/(2/(-10188))?
9
Let x be 5/10*0 + -4. Let m(q) = q + 4. Let l be m(x). Suppose -o + 3 - 2 = l. What is the units digit of o?
1
Let z(m) = -2*m**3 - 48*m**2 + 18*m + 9. What is the units digit of z(-26)?
5
Let s be 9 - (-2 + (2 - 2)). Suppose 4*v = p + 3, 5*v + 4*p = s + 19. Let n(h) = 6*h**2 - 2*h + 3. What is the units digit of n(v)?
3
Let f(i) = 2*i - 2. Let q = -13 + 15. Let b be f(q). Suppose -3*j - m = -9 - 50, b*j + 2*m - 34 = 0. What is the units digit of j?
1
What is the units digit of -4540*9/(-108)*6?
0
Suppose 0 = -4*f + 2*b + 1366, -16*b = -5*f - 20*b + 1714. What is the units digit of f?
2
Suppose -4 = -3*v + 2*v. Suppose -v*w + 8*w - 324 = 0. What is the tens digit of w?
8
Suppose -3*i + 191 = -4*m - 338, 177 = i - 2*m. Suppose i = 2*g - 3*s, 263 = 4*g + s - 108. What is the tens digit of g?
9
Suppose -s - 355 = -m, 5*m - 823 - 984 = -3*s. What is the hundreds digit of m?
3
Suppose 46 = 5*z - 34. Let x = -16 + z. What is the tens digit of (50 - 7) + -1 + x?
4
Let y = -136 - -212. Suppose -2*r = -4*r + y. What is the units digit of r?
8
Let r = -364 + 670. What is the tens digit of r?
0
Suppose p - 2*n = -6, 1 - 9 = 4*n. What is the tens digit of 28*p*(-12)/14?
4
Let p(c) = -49 - c + 73 + 69. Let k be p(0). Suppose i + i + 5*n - 53 = 0, 3*n + k = 4*i. What is the tens digit of i?
2
Suppose -3*y = -35 + 38. Let s(o) = -o**2 - o - 1. Let j be s(-2). What is the tens digit of (j/9)/(y/51)?
1
Let k be (-1)/((-14)/(-12) - 1). Let w(r) = -10*r + 6. Let m be w(k). What is the units digit of (m/(-4))/(2/(-4))?
3
Let v(i) = -47 - 31*i - 31*i + 78*i. What is the hundreds digit of v(12)?
1
Let j = -10 - -14. Suppose -3*z - j*w = -182, 4*z = z + 5*w + 218. What is the units digit of z?
6
Suppose 0 = 4*g + 2*d - 40, -4*g - 3*d = -8 - 36. Let o = 14 - g. What is the units digit of ((-2)/(-2))/(o/186)?
1
Suppose 0 = 2*g + 2*i - 10, -4*g = i - 0*i - 29. What is the tens digit of 247/g - (-4)/32?
3
Let s(m) = m**3 + 6*m**2 - 10*m - 8. Let r be s(-7). Let d = r + -13. Suppose d*u - u + 18 = 0. What is the tens digit of u?
1
Let m(w) = 172*w**2 - 36*w - 71. What is the hundreds digit of m(-2)?
6
Let n(w) = -126*w + 55. What is the units digit of n(-6)?
1
Let r be (-7)/2*24/(-42). Let m be -3 - 10*(-1)/r. What is the tens digit of 9/m*56/12?
2
Suppose 0 = -2*p + 3*f + 1019, 949 = 2*p + 5*f - 62. Let x be (-36)/(-10) + 42/105. What is the units digit of p/18 + x/(-18)?
8
What is the units digit of (-6*5/(-3))/((-8)/(-1324))?
5
Let c(j) = 13*j - 12. Let h be c(3). What is the tens digit of 2/(-9) - (3 + (-2139)/h)?
7
Let n be 2223/4 - 2/(-8). Suppose 0 = 5*d, -2*d = -5*x - 166 + n. Suppose 0 = -v - v + x. What is the units digit of v?
9
What is the hundreds digit of 49900/70 + 0 + 4/28?
7
Suppose 0 = b + 5*b + 12. What is the units digit of (b/(-7))/((-3)/(-63))?
6
Suppose 5*b = 20, -5*f + 5*b + 14737 = 3*b. What is the tens digit of f?
4
Suppose -3*l + 338 = 3*f + 2, l + 5*f = 116. Suppose 4*r = -i - 30 + l, 0 = -2*r - 3*i + 33. What is the units digit of r?
1
Let q(k) be the third derivative of -2*k**4/3 + 5*k**3/2 - 29*k**2. What is the tens digit of q(-4)?
7
Suppose 0 = 5*c + 3*a - 5, -2*c + 2*a + 12 + 6 = 0. Suppose 2 = -i + c*z - 3, -2*i + 30 = 2*z. What is the tens digit of i?
1
Suppose -49*t + 44*t + 3340 = 0. What is the tens digit of t?
6
Let a be 8 + 100/(-12) - (-16)/3. Suppose -4*q - 25 + 9 = 0, -823 = -3*x - a*q. What is the hundreds digit of x?
2
Suppose -3*f - 2*m = 2*m - 1003, 5*f - 4*m - 1629 = 0. What is th